 be -2*2/(12/(-1245)). Suppose p - 6*p = -y. List the prime factors of p.
83
Let k(t) = 3*t**3 + 2*t**2 - 2*t + 1. Let g = 13 + -13. Suppose 2*f + g*f = 4. What are the prime factors of k(f)?
29
Let d(n) be the second derivative of n**5/10 - 7*n**4/12 + 7*n**3/6 - 3*n**2 - 2*n. Let l = 38 - 34. What are the prime factors of d(l)?
2, 19
Let s(y) = y**3 - 20*y**2 + 84*y - 13. List the prime factors of s(23).
2, 1753
List the prime factors of 78/52*(4534/6 - 1).
2, 283
Suppose 28*q - 4445 = 21*q. List the prime factors of q.
5, 127
Let v be -356 + (0 - (2 + -4)). Let x = 497 + v. List the prime factors of x.
11, 13
Let f be 6/4*(-16)/(-12). Let n(g) = -2*g**2 + g - 4. Let a(o) = -o**3 - o**2 - 5. Let q(z) = -2*a(z) + 3*n(z). What are the prime factors of q(f)?
2
What are the prime factors of 4803 + (6 - 6) + -8?
5, 7, 137
Suppose 4 = -4*y, 565 = 2*u + 6*y - 11*y. What are the prime factors of u?
2, 5, 7
Let q = 3647 + -2377. List the prime factors of q.
2, 5, 127
Suppose -2*b + 4*s - 3*s = -12, 4 = 3*b + 2*s. Suppose -3*n + 126 = b*i, 0 = -2*n - i + 3*i + 84. What are the prime factors of n?
2, 3, 7
Let a be (3/12)/((-8)/(-64)). Suppose 85 = a*g + v, 3*g - 36 = v + 84. What are the prime factors of g?
41
What are the prime factors of (6/((-30)/25))/(-1) + 688?
3, 7, 11
Let q be (-1884)/24 + (-3)/2. Let y = q - -199. List the prime factors of y.
7, 17
Suppose 0 = -8*d + 4087 - 1255. What are the prime factors of d?
2, 3, 59
Suppose 0 = -64*z + 52*z + 5400. What are the prime factors of z?
2, 3, 5
Let f be (20/(-50))/(2/10). Let s = f + 13. Let d(u) = u**2 - 10*u + 12. What are the prime factors of d(s)?
23
Suppose -609 = -3*t + 2*u - 5*u, -3*u = -3. What are the prime factors of t?
2, 101
Let a = 15 + -4. Suppose -2*d - 9 = a. Let g = 30 + d. List the prime factors of g.
2, 5
Let g be 7 + -4 + (-12)/4. Suppose -q + p = -g*q, -4*q = 4*p - 32. Suppose 100 = q*n - 4. What are the prime factors of n?
2, 13
Let y(a) = 2*a**2 - a + 2. Suppose -2 - 18 = 2*l. Let q be (21/35)/((-1)/l). What are the prime factors of y(q)?
2, 17
Suppose 105 = m - 0*m. Suppose -o - m = -6*o. What are the prime factors of o?
3, 7
Let h = 27 - -53. Suppose h = 2*s - 42. List the prime factors of s.
61
List the prime factors of (-3753)/(-4) + 47/(-188).
2, 7, 67
Let z be (-3210)/50 + (-1)/(-5). Let c = z + 122. List the prime factors of c.
2, 29
Let k = 149 - 142. Suppose -167 = k*o - 8*o. List the prime factors of o.
167
Let l(n) be the third derivative of 13*n**4/24 - 7*n**3/6 + 6*n**2. Let v be l(5). List the prime factors of (-4)/14 + v/7.
2
Let s be 0 + 4 - 0/13. List the prime factors of (6/s)/(2/188).
3, 47
Suppose -2*f - 4 = 8. Let j be f/1*8/(-12). Suppose 4*y = j - 24, 3*p + 4*y = 25. List the prime factors of p.
3, 5
Suppose 2*o = 4*o - 10. Let h(i) = 4*i - o + 1 - i. List the prime factors of h(5).
11
What are the prime factors of 49629/284*40/6?
5, 233
Let v = -158 - -277. Suppose -v = -3*q + 133. What are the prime factors of q?
2, 3, 7
Suppose 4*m = 4*b - 4, -4 = -3*m - 4*b - 28. Let l(i) = -i**3 - 2*i**2 - 4*i + 5. List the prime factors of l(m).
53
Suppose -50 = 2*v - 290. Suppose 3560 = 16*g + v. What are the prime factors of g?
5, 43
Suppose 4*z + 693 = z. Let m = -51 - z. Let a = -117 + m. What are the prime factors of a?
3, 7
Let w = 644 + -363. Suppose w = 4*t - 123. What are the prime factors of t?
101
Let u = -4 - -7. Suppose -4*p = -17 - u. Let n = p + -3. List the prime factors of n.
2
Suppose 19*w - 40256 = 4280. What are the prime factors of w?
2, 293
Let a(j) = 102*j**2 + 12*j + 25. What are the prime factors of a(-3)?
907
Suppose 0 = -3*n + 305 + 406. List the prime factors of n.
3, 79
Let w = -67 - -72. Let b(h) = h**3 - h**2 + 4*h + 10. What are the prime factors of b(w)?
2, 5, 13
Let v be (-1 + -2)/(48/(-128)). Suppose -v = -33*y + 29*y. What are the prime factors of 6/(y/(256/12))?
2
Let d(f) = -18*f - 1. Let k be (-10)/4*(-12)/(-10). Let j = 2 + k. What are the prime factors of d(j)?
17
Let z = 742 - 416. What are the prime factors of z?
2, 163
Let v = -17 + 41. Let d be 43/2 + v/(-16). List the prime factors of ((-12)/(-14))/(d/70).
3
Suppose 4*n - 4 = 0, 0 = -4*m + 3*m - 2*n + 442. List the prime factors of m.
2, 5, 11
Let v(c) = -78*c**3 - 4*c**2 + c - 3. Let w(x) = -155*x**3 - 9*x**2 + 2*x - 7. Let q(r) = -7*v(r) + 3*w(r). List the prime factors of q(1).
3
Suppose 7*u + 41 = 146. Let w = u + -21. Let s(x) = 2*x**2 + 7*x - 4. What are the prime factors of s(w)?
2, 13
Suppose -2*w + 5*x + 51 = -12, -5 = -x. What are the prime factors of (-132)/(-1)*(7 - w/8)?
2, 3, 11
Let w = -17 + 4. Let u = 24 - w. List the prime factors of u.
37
Let a(y) = -60*y. Let t = 2 + 1. Suppose 0 = 2*s - t*u + 14, 0*s - 17 = s - 4*u. List the prime factors of a(s).
2, 3, 5
Let d(f) = -3106*f**2 - f - 1. Let r be d(1). List the prime factors of r/(-18) - (-4)/(-6).
2, 43
Suppose 0 = -3*n + 5*n - 4, 174 = 3*a - 3*n. Suppose a = -9*k + 5*k. What are the prime factors of ((-12)/k)/(8/460)?
2, 23
Suppose 1766 + 6152 = 3*r + 2*d, r - 2634 = -2*d. What are the prime factors of r?
2, 1321
Suppose 0 = -3*f - 2*w - 2*w - 286, 482 = -5*f - 4*w. Let a = -70 - f. Let d = 9 + a. List the prime factors of d.
37
What are the prime factors of 14242/4 + (-2)/(16/12)?
3559
Let f = 4615 + -1769. What are the prime factors of f?
2, 1423
Let x(n) = 11*n - 1. Let k be x(-1). Suppose 5*v = 2*c + 148, -4*c + 0*c = v - 12. Let r = k + v. List the prime factors of r.
2
Suppose 4*u - 229 = 467. Suppose 0 = -2*w + 2*x + 2*x - u, 3*w = 2*x - 261. Let h = w + 132. List the prime factors of h.
3, 5
Suppose 0 = -15*b + 8*b + 28. Suppose -8*v = -b*v + 2*z - 108, 141 = 5*v + 4*z. What are the prime factors of v?
5
Let s(g) = 2*g**3 - 34*g**2 - 13*g - 32. What are the prime factors of s(18)?
2, 191
Suppose -2*t = 10 - 12. Let n(b) = 30*b**3 - b**2 - b + 1. List the prime factors of n(t).
29
Suppose -s + 4*j = -12, 2*s - 12 = 3*j - j. Suppose -3*w - 42 = 5*x, -w - 6 = 3*x - s*w. What are the prime factors of (-107)/(-2) + (-3)/x?
2, 3
Let r = -8 + 12. Suppose 0 = -5*s + 5*y + 58 + 42, -2*s = 3*y - 40. Suppose p + s = 6*p, r*p + 14 = 5*g. What are the prime factors of g?
2, 3
Let z(g) = g**3 + 3*g**2 - 5*g. Let h be z(4). Let w = h + 11. List the prime factors of w.
103
Let w(z) = 27*z - 5. List the prime factors of w(8).
211
Suppose -6 = -4*d + d. Suppose -2*f + 3 = 3*f - 4*v, -3 = d*f - 3*v. Suppose -4*p - 12 = 2*w, f*p + 18 = w + 2*w. List the prime factors of w.
2
Suppose -8*i = -3*i - 355. Suppose i = v - 0*v. What are the prime factors of v?
71
Suppose 23*y = 28*y - 440. List the prime factors of y/1*(-9)/(-12).
2, 3, 11
Let v(u) = u - 10. Suppose -3*q - f - 12 = -36, 5*q - 5*f = 20. Let r be v(q). List the prime factors of 5*(1 + r + 11).
3, 5
Suppose 2*y - 18 = i, -y - y + 5*i + 26 = 0. List the prime factors of 14/y*(-56)/(-7).
2, 7
Let a be 106/((-3 - -4) + -3). Let q = a - -60. List the prime factors of q.
7
Let h = 83 + -12. Suppose -3*y - h = -11. What are the prime factors of 315/y*(-16)/6?
2, 3, 7
Let v(d) = -d**3 - d**2 - 3*d - 2. Let b be v(-1). Let t(z) = 75*z**3 + z - 1. List the prime factors of t(b).
3, 5
Let j = 63 + -48. Suppose -5*n - j = -350. What are the prime factors of n?
67
Let h = 4818 - 3010. What are the prime factors of h?
2, 113
Suppose 3*w + 2 = 4*w. Let m be (7 + w - 1) + -3. List the prime factors of 3/((-6)/m)*-14.
5, 7
Let n(y) = -393*y**3 - y**2 + 2*y + 8. List the prime factors of n(-2).
2, 3, 131
Let v(h) = -211*h + 14. Let u(q) = -316*q + 21. Let g(d) = 5*u(d) - 7*v(d). What are the prime factors of g(-3)?
2, 79
What are the prime factors of 4010/(-15)*(-6)/4?
401
Let p be 1 - (-2 + (-14 - -3) - 0). What are the prime factors of 42/147 + 1172/p?
2, 3, 7
Let d be (-3)/(-1)*(-2)/(-3). Suppose 5*g + 8 = -d. List the prime factors of (4/8)/(g/(-120)).
2, 3, 5
List the prime factors of (-12081)/(-14) + (-27)/(-378).
863
Suppose -23*o + 19*o = -768. What are the prime factors of o?
2, 3
Let b = 9 + -7. Suppose -5*p + 213 = 2*k, -2*k - 33 = p - b*p. What are the prime factors of p?
41
Suppose a + 3*y - 2 = 0, 9 = y + 2*y. Suppose 0 = -4*l + 5*o + 198, -2*l - 2*o + 98 = -5*o. Let d = a + l. List the prime factors of d.
3, 5
Let a(z) = 263*z - 170. List the prim